ber?
False
Is 2669692283 a prime number?
False
Is 34603415809 a prime number?
False
Is 1164004541 a composite number?
True
Is 122107549 a composite number?
True
Is 24506785427 composite?
True
Is 82522390177 composite?
False
Is 7346928989 prime?
False
Is 223012204297 prime?
False
Is 279963839 prime?
True
Is 64525720541 a composite number?
True
Is 58251823589 a composite number?
True
Is 18537978731 a composite number?
False
Is 31279379855 a composite number?
True
Is 8579103191 prime?
True
Is 809693009 composite?
False
Is 477308059 a composite number?
True
Is 1180537585 a composite number?
True
Is 6654335089 composite?
False
Is 811942199 a prime number?
False
Is 78549371623 a composite number?
False
Is 1563305719 prime?
True
Is 4804802681 a composite number?
True
Is 2533893343 composite?
False
Is 310229069 composite?
True
Is 2750062751 a composite number?
False
Is 14939605393 prime?
False
Is 21090260033 a composite number?
False
Is 103998720127 prime?
False
Is 507539869 a prime number?
True
Is 108799603 a composite number?
True
Is 50304246893 a composite number?
False
Is 3845226659 composite?
False
Is 608095693 composite?
True
Is 9357205021 a composite number?
True
Is 79040186014 a prime number?
False
Is 43614113 a composite number?
True
Is 57293061323 a prime number?
True
Is 48840601 prime?
True
Is 37443363421 prime?
True
Is 681494711 a prime number?
False
Is 268817024705 composite?
True
Is 155149566331 a composite number?
True
Is 6187342451 prime?
True
Is 3834730463 a composite number?
True
Is 8586384977 a composite number?
False
Is 46989641971 prime?
True
Is 4696711387 composite?
True
Is 9389654003 composite?
False
Is 822625711 prime?
True
Is 3727290055 a prime number?
False
Is 5978839901 a prime number?
False
Is 480048619 composite?
True
Is 26928792123 a composite number?
True
Is 111908148991 a composite number?
False
Is 1289043367 a prime number?
True
Is 9529377469 composite?
True
Is 14174856013 a prime number?
False
Is 173868393623 prime?
False
Is 2389782803 prime?
False
Is 6786423269 a composite number?
False
Is 8492844187 prime?
False
Is 356131807 a prime number?
True
Is 25506752979 a composite number?
True
Is 9689180869 composite?
False
Is 32889609887 composite?
True
Is 27169131163 a composite number?
False
Is 5281736233 prime?
False
Is 181037887 composite?
False
Is 5565624769 prime?
True
Is 475838917661 a composite number?
False
Is 308682013 a prime number?
True
Is 22486936453 a prime number?
True
Is 3746712755 prime?
False
Is 1046707007 composite?
False
Is 42425572471 a composite number?
False
Is 6762660907 a composite number?
False
Is 12898382969 prime?
True
Is 2029820981 prime?
True
Is 20670601241 a composite number?
False
Is 24289273997 a prime number?
False
Is 9289417729 composite?
True
Is 945432133 a prime number?
False
Is 2706068893 composite?
True
Is 8167662929 a prime number?
True
Is 672129137 a prime number?
True
Is 2467470755 a prime number?
False
Is 24424352801 a prime number?
True
Is 1966731103 a composite number?
False
Is 22244651327 composite?
False
Is 6547735687 prime?
True
Is 121751269841 prime?
True
Is 27392923783 prime?
False
Is 927045643 a composite number?
True
Is 149932553011 a composite number?
True
Is 3419085433 a prime number?
True
Is 19622209417 a prime number?
False
Is 59175397891 a composite number?
False
Is 103453497337 prime?
False
Is 1057242511 prime?
False
Is 8855112589 prime?
True
Is 6212923637 a prime number?
False
Is 2143087781 composite?
False
Is 93791398 prime?
False
Is 5765921999 a composite number?
True
Is 25014763283 prime?
False
Is 19175279 a composite number?
False
Is 1790822009 a prime number?
True
Is 1709744357 a composite number?
False
Is 1040749933 composite?
False
Is 189302851669 a composite number?
False
Is 64643907431 prime?
False
Is 190414545949 composite?
True
Is 9188251529 prime?
True
Is 4526566003 prime?
True
Is 2958818987 prime?
False
Is 291065869 prime?
True
Is 11229480323 a prime number?
True
Is 1500161381 prime?
True
Is 776545793 a prime number?
True
Is 134131925273 composite?
True
Is 3067255843 a composite number?
False
Is 1158289907 prime?
True
Is 5601213419 a composite number?
False
Is 596698813 prime?
True
Is 1145590247 a prime number?
True
Is 547632479 composite?
True
Is 3025833313 a composite number?
False
Is 48527855969 a prime number?
True
Is 5392787061 composite?
True
Is 79339087354 a composite number?
True
Is 5947083833 a prime number?
False
Is 11055593077 a prime number?
True
Is 218911068641 prime?
True
Is 9166698382 prime?
False
Is 25741064977 a composite number?
True
Is 155941399219 a prime number?
False
Is 4595604053 prime?
True
Is 3581887009 composite?
True
Is 262751207 a prime number?
True
Is 603691561 composite?
True
Is 951507859 composite?
True
Is 379064046005 composite?
True
Is 2007550591 a prime number?
True
Is 425381617 a composite number?
True
Is 996359099 a prime number?
False
Is 10969325606 composite?
True
Is 244432961 prime?
False
Is 10354752721 prime?
False
Is 182641705 prime?
False
Is 891651119 prime?
True
Is 17098343389 prime?
True
Is 926147273 a prime number?
False
Is 25004989697 composite?
False
Is 10873484077 composite?
False
Is 2390477483 prime?
False
Is 333407293 composite?
False
Is 4432788583 composite?
False
Is 2013817441 a prime number?
False
Is 43873183661 composite?
False
Is 134427835537 a composite number?
True
Is 21604601 a composite number?
False
Is 1993124689 a prime number?
True
Is 10917643921 a prime number?
True
Is 833492383 composite?
False
Is 2075946781 prime?
False
Is 2050747535 prime?
False
Is 808317407 composite?
False
Is 4291238717 a prime number?
True
Is 1793228179 composite?
True
Is 23092520593 prime?
True
Is 117692316743 a composite number?
True
Is 4114665283 composite?
True
Is 1625993513 a prime number?
False
Is 172317850547 a composite number?
True
Is 12713803247 a prime number?
True
Is 6660910261 a composite number?
False
Is 10828360679 prime?
True
Is 5496051559 prime?
False
Is 3950478949 prime?
False
Is 11092350463 prime?
False
Is 7091587817 a prime number?
False
Is 12803609441 prime?
False
Is 24555795853 prime?
True
Is 70027305487 composite?
True
Is 30619409299 a prime number?
False
Is 1735599223 composite?
True
Is 619717619 composite?
True
Is 1826891543 composite?
False
Is 1262675429 prime?
True
Is 60437845519 composite?
True
Is 2211035069 a prime number?
False
Is 4773041179 a composite number?
False
Is 344470489 a prime number?
False
Is 1007391793 a composite number?
True
Is 246420707999 a prime number?
True
Is 72101986139 a prime number?
True
Is 1444722082 prime?
False
Is 1336058663 a prime number?
False
Is 1809943279 a prime number?
True
Is 284128987 prime?
False
Is 174929851697 a composite number?
True
Is 139645349 a composite number?
True
Is 18692934539 composite?
True
Is 3570964471 a prime number?
True
Is 103727400989 prime?
True
Is 6020334989 composite?
False
Is 1837430531 prime?
False
Is 10341128957 a prime number?
True
Is 1197683909 a prime number?
False
Is 234579257 prime?
False
Is 133860113 composite?
False
Is 24761439349 composite?
False
Is 2071633085 a composite number?
True
Is 37605448541 prime?
False
Is 82831592653 a composite number?
False
Is 5756239823 a prime number?
True
Is 761997601 a prime number?
True
Is 39008889971 a composite number?
False
Is 13587334193 composite?
True
Is 2250369643 prime?
False
Is 56514401 composite?
False
Is 30737631469 a composite number?
True
Is 156987398813 a prime number?
False
Is 40135586903 a prime number?
True
Is 62463177561 a prime number?
False
Is 26082487693 a composite number?
False
Is 930378289 a composite number?
False
Is 1403607082 composite?
True
Is 528514711 a prime number?
True
Is 6359382581 a composite number?
True
Is 258391787 a prime number?
False
Is 15766889363 a prime number?
False
Is 6812105083 composite?
True
Is 521587349 a prime number?
False
Is 464332177817 a composite number?
False
Is 2500396187 a composite number?
False
Is 199734121 a composite number?
True
Is 12131530211 composite?
True
Is 1715950741 a composite number?
True
Is 7186425713 composite?
False
Is 221498401 composite?
False
Is 3954266737 composite?
False
Is 1753866871 prime?
True
Is 178675297 composite?
True
Is 1420745983 composite?
False
Is 6920037959 a prime number?
True
Is 19587597